57315 composite?
True
Is 18859051 a prime number?
False
Is 2611307 prime?
False
Is 86792333 a composite number?
False
Is 3150629 a composite number?
True
Is 54121577 prime?
True
Is 1364282 prime?
False
Is 43647431 a prime number?
True
Is 10572977 prime?
False
Is 42086347 prime?
True
Is 31351423 a composite number?
True
Is 238417 composite?
False
Is 414971 a prime number?
True
Is 27891043 a composite number?
True
Is 197597 a composite number?
False
Is 635959 a composite number?
False
Is 28198379 prime?
False
Is 5149927 prime?
True
Is 42131267 prime?
True
Is 5312101 a composite number?
False
Is 70014173 a prime number?
False
Is 579004519 a composite number?
False
Is 2040971 a composite number?
False
Is 17160307 composite?
False
Is 18111959 prime?
False
Is 2633828477 a prime number?
False
Is 216210857 a prime number?
False
Is 570263 a prime number?
False
Is 3566419 a composite number?
True
Is 3026113 prime?
True
Is 60152281 a composite number?
True
Is 2881066 prime?
False
Is 5268941 a prime number?
False
Is 15806465 prime?
False
Is 747555335 prime?
False
Is 134635303 composite?
True
Is 113839091 prime?
True
Is 25157 composite?
True
Is 18316777 a composite number?
True
Is 198523867 a prime number?
False
Is 79798079 a prime number?
True
Is 145155667 a composite number?
False
Is 12382401 prime?
False
Is 27632063 a prime number?
True
Is 3919519 a prime number?
True
Is 13415359 a prime number?
True
Is 346330585 a composite number?
True
Is 146932759 prime?
False
Is 425067403 a composite number?
False
Is 3363709 a composite number?
True
Is 897658 a prime number?
False
Is 9113719 a composite number?
False
Is 73093373 a prime number?
True
Is 34930871 a composite number?
True
Is 46013753 prime?
True
Is 71090939 prime?
False
Is 57847049 a prime number?
False
Is 329230057 a prime number?
False
Is 99008557 a composite number?
False
Is 190302881 composite?
False
Is 6195613 composite?
True
Is 2402429 prime?
False
Is 26121593 a prime number?
False
Is 2574379 prime?
False
Is 495851 a prime number?
True
Is 171089117 a prime number?
True
Is 22094681 a composite number?
True
Is 81112963 prime?
True
Is 1577647 a composite number?
True
Is 6708179 a prime number?
True
Is 906022289 prime?
True
Is 943666439 a composite number?
False
Is 1247737 a composite number?
False
Is 1047913 prime?
False
Is 24604351 a composite number?
False
Is 1849147 composite?
False
Is 162140663 a composite number?
False
Is 305799763 composite?
True
Is 1076983693 a prime number?
True
Is 28049107 a prime number?
True
Is 13255469 a prime number?
True
Is 16650167 composite?
False
Is 180689774 composite?
True
Is 14177237 a prime number?
True
Is 2768335 a prime number?
False
Is 586856167 a composite number?
True
Is 3959363 composite?
False
Is 3305021 a prime number?
False
Is 13934323 a prime number?
False
Is 2984173 composite?
True
Is 18027233 composite?
True
Is 177928563 a composite number?
True
Is 2186791 composite?
False
Is 30186397 a composite number?
True
Is 17609266 a prime number?
False
Is 106234229 composite?
False
Is 3551161 a composite number?
False
Is 14583 prime?
False
Is 58737401 prime?
True
Is 141103297 composite?
False
Is 3798283 a prime number?
True
Is 43234053 composite?
True
Is 29623183 composite?
True
Is 1413152743 a prime number?
True
Is 144936334 a prime number?
False
Is 22275133 prime?
False
Is 28191749 a composite number?
True
Is 140623 a prime number?
False
Is 24697271 a composite number?
True
Is 3737785 a prime number?
False
Is 1611871 composite?
True
Is 7155271 prime?
True
Is 19389239 a composite number?
True
Is 78151097 composite?
True
Is 20657933 composite?
True
Is 1435649 prime?
False
Is 8018498 prime?
False
Is 8910929 composite?
False
Is 8987851 composite?
False
Is 49786333 composite?
True
Is 12239 composite?
False
Is 12740867 a composite number?
False
Is 2073707 prime?
True
Is 348421313 prime?
True
Is 5019899 prime?
True
Is 259949 a prime number?
True
Is 4226501 composite?
False
Is 979469123 composite?
False
Is 918275131 a prime number?
True
Is 7464293 a composite number?
False
Is 56007761 composite?
True
Is 32298449 a prime number?
True
Is 8163167 a prime number?
False
Is 113564879 a prime number?
False
Is 17324807 prime?
True
Is 1064933 a prime number?
True
Is 44554313 a composite number?
True
Is 1283939 composite?
False
Is 93958259 a prime number?
True
Is 225265 a composite number?
True
Is 31805341 composite?
False
Is 19641593 prime?
True
Is 1823186 a composite number?
True
Is 4425569 a composite number?
True
Is 3744931 a composite number?
True
Is 1156669 a prime number?
False
Is 159423337 a composite number?
False
Is 10056089 composite?
False
Is 30641843 a prime number?
False
Is 10347083 a prime number?
False
Is 33228499 a composite number?
False
Is 151944131 a composite number?
True
Is 12698657 a composite number?
False
Is 816162991 composite?
True
Is 2825387 a composite number?
False
Is 535294153 a prime number?
True
Is 5685437 a prime number?
False
Is 39970226 a composite number?
True
Is 31734847 prime?
True
Is 140023 a composite number?
True
Is 16409269 composite?
True
Is 13329169 prime?
False
Is 8583779 a prime number?
True
Is 2633513 a prime number?
False
Is 218915143 composite?
True
Is 3367753 composite?
True
Is 55515527 a prime number?
False
Is 7689739 a prime number?
True
Is 16887155 a prime number?
False
Is 5759569 a prime number?
False
Is 17116217 a prime number?
True
Is 2372627 a prime number?
False
Is 507553 a composite number?
True
Is 10773683 a composite number?
True
Is 10363733 composite?
False
Is 878167399 composite?
False
Is 53161609 a composite number?
False
Is 382735151 a prime number?
True
Is 2265143 a prime number?
True
Is 35941199 a composite number?
True
Is 8005222 a prime number?
False
Is 20778713 a prime number?
True
Is 13315961 composite?
False
Is 121713547 prime?
False
Is 126790541 a prime number?
True
Is 2650798 a prime number?
False
Is 144764557 a prime number?
False
Is 526367 a composite number?
False
Is 2483267 a composite number?
True
Is 1289117 composite?
True
Is 131837 a prime number?
True
Is 36454397 a prime number?
False
Is 1398659 a prime number?
True
Is 116899477 composite?
True
Is 41955259 prime?
False
Is 25713551 a composite number?
False
Is 12780619 a composite number?
True
Is 5380987 a prime number?
True
Is 34759259 composite?
False
Is 9283541 prime?
True
Is 4421987 a prime number?
True
Is 3421853 a composite number?
False
Is 60028877 a prime number?
False
Is 16573957 prime?
True
Is 4087351 a prime number?
True
Is 2016737 a composite number?
True
Is 39649507 prime?
False
Is 10693961 composite?
False
Is 605252501 a composite number?
True
Is 83396317 a composite number?
False
Is 321015997 a prime number?
True
Is 17592305 a prime number?
False
Is 74235323 composite?
False
Is 589033 prime?
False
Is 22101577 prime?
False
Is 520193 composite?
False
Is 239453033 a composite number?
True
Is 2140165 prime?
False
Is 1429226801 composite?
False
Is 389999 prime?
True
Is 12303661 a composite number?
True
Is 238061 prime?
False
Is 15677551 a prime number?
False
Is 1758851 composite?
False
Is 341226271 composite?
False
Is 13246405 prime?
False
Is 1284176237 prime?
False
Is 4035397 a prime number?
True
Is 24097573 prime?
True
Is 13345571 a composite number?
False
Is 1310291 composite?
True
Is 4992007 composite?
False
Is 437413 prime?
True
Is 3016479 prime?
False
Is 4073077 prime?
True
Is 757487 prime?
True
Is 7572833 a composite number?
False
Is 1834597 composite?
False
Is 329062889 prime?
True
Is 55883689 prime?
True
Is 37193851 composite?
False
Is 2120737 prime?
False
Is 62587799 a composite number?
False
Is 1117747 composite?
True
Is 9471341 prime?
False
Is 12570361 composite?
True
Is 11046967 prime?
True
Is 13255469 a prime number?
True
Is 28123787 composite?
False
Is 1409203 a prime number?
True
Is 28192351 prime?
False
Is 28152769 a composite number?
True
Is 15446507 composite?
False
Is 64352149 prime?
True
Is 222980861 a composite number?
True
Is 15060859 a composite number?
True
Is 8356889 composite?
True
Is 8608163 prime?
True
Is 205757887 a composite number?
False
Is 4360909 a composite number?
True
Is 2904761 composite?
True
Is 161797011 a composite number?
True
Is 134417545 prime?
False
Is 438554 a composite number?
True
Is